{"version":"1.0","provider_name":"CidadeMarketing","provider_url":"https:\/\/www.cidademarketing.com.br\/marketing","author_name":"Carlos Hilsdorf","author_url":"https:\/\/www.cidademarketing.com.br\/marketing\/author\/carlos\/","title":"Marketing em tempos de crise - CidadeMarketing","type":"rich","width":600,"height":338,"html":"<blockquote class=\"wp-embedded-content\" data-secret=\"Ksch4QOQPB\"><a href=\"https:\/\/www.cidademarketing.com.br\/marketing\/2015\/09\/24\/marketing-em-tempos-de-crise\/\">Marketing em tempos de crise<\/a><\/blockquote><iframe sandbox=\"allow-scripts\" security=\"restricted\" src=\"https:\/\/www.cidademarketing.com.br\/marketing\/2015\/09\/24\/marketing-em-tempos-de-crise\/embed\/#?secret=Ksch4QOQPB\" width=\"600\" height=\"338\" title=\"&#8220;Marketing em tempos de crise&#8221; &#8212; CidadeMarketing\" data-secret=\"Ksch4QOQPB\" frameborder=\"0\" marginwidth=\"0\" marginheight=\"0\" scrolling=\"no\" class=\"wp-embedded-content\"><\/iframe><script type=\"text\/javascript\">\n\/* <![CDATA[ *\/\n\/*! This file is auto-generated *\/\n!function(d,l){\"use strict\";l.querySelector&&d.addEventListener&&\"undefined\"!=typeof URL&&(d.wp=d.wp||{},d.wp.receiveEmbedMessage||(d.wp.receiveEmbedMessage=function(e){var t=e.data;if((t||t.secret||t.message||t.value)&&!\/[^a-zA-Z0-9]\/.test(t.secret)){for(var s,r,n,a=l.querySelectorAll('iframe[data-secret=\"'+t.secret+'\"]'),o=l.querySelectorAll('blockquote[data-secret=\"'+t.secret+'\"]'),c=new RegExp(\"^https?:$\",\"i\"),i=0;i<o.length;i++)o[i].style.display=\"none\";for(i=0;i<a.length;i++)s=a[i],e.source===s.contentWindow&&(s.removeAttribute(\"style\"),\"height\"===t.message?(1e3<(r=parseInt(t.value,10))?r=1e3:~~r<200&&(r=200),s.height=r):\"link\"===t.message&&(r=new URL(s.getAttribute(\"src\")),n=new URL(t.value),c.test(n.protocol))&&n.host===r.host&&l.activeElement===s&&(d.top.location.href=t.value))}},d.addEventListener(\"message\",d.wp.receiveEmbedMessage,!1),l.addEventListener(\"DOMContentLoaded\",function(){for(var e,t,s=l.querySelectorAll(\"iframe.wp-embedded-content\"),r=0;r<s.length;r++)(t=(e=s[r]).getAttribute(\"data-secret\"))||(t=Math.random().toString(36).substring(2,12),e.src+=\"#?secret=\"+t,e.setAttribute(\"data-secret\",t)),e.contentWindow.postMessage({message:\"ready\",secret:t},\"*\")},!1)))}(window,document);\n\/\/# sourceURL=https:\/\/www.cidademarketing.com.br\/marketing\/wp-includes\/js\/wp-embed.min.js\n\/* ]]> *\/\n<\/script>\n","description":"Que as a\u00e7\u00f5es de comunica\u00e7\u00e3o e propaganda s\u00e3o altamente afetadas em momentos recessivos \u00e9 fato historicamente conhecido, embora paradoxal sob m\u00faltiplos aspectos. Parece que os anunciantes n\u00e3o compreenderam a elementar cita\u00e7\u00e3o de Henry Ford: &#8220;Se eu tivesse um \u00fanico d\u00f3lar, investiria em propaganda!&#8221;. Mas, muito mais preocupante que esta miopia dos anunciantes &#8211; que pode [&hellip;]"}

Que as ações de comunicação e propaganda são altamente afetadas em momentos recessivos é fato historicamente conhecido, embora paradoxal sob múltiplos aspectos. Parece que os anunciantes não compreenderam a elementar citação de Henry Ford: &#8220;Se eu tivesse um único dólar, investiria em propaganda!&#8221;. Mas, muito mais preocupante que esta miopia dos anunciantes &#8211; que pode [&hellip;]
